= -3*o - 11, -5*o = 3*x + 14. Let y(u) = -30*u**2 + 3*u + 2. Let r(j) = x*b(j) + 5*y(j). Calculate r(1).
34
Let d(c) = -c**2 - 15*c - 41. Let k(j) = -3*j**3 + 63*j**2 - 2*j + 32. Let t be k(21). Give d(t).
9
Let o(v) = -7*v + 168. Suppose -14*q = -9*f - 17*q + 198, -3*q = 5*f - 102. Give o(f).
0
Let y(n) = -n**2 - 4*n. Let m(v) = -v**2 - 4*v. Suppose -8 = a + 3*a. Let o be (-1 + (-3)/2)*24/(-20). Let s(l) = a*m(l) + o*y(l). Calculate s(-5).
-5
Let k(p) be the first derivative of 0*p - p**2 + 92 - 1/4*p**4 - 2*p**3. Give k(-6).
12
Let r(o) = 2*o**2 - 4*o - 1. Let x(a) = a**2 + 9*a - 27. Let k be x(8). Let c = k + -106. What is r(c)?
5
Let c(p) = 58 - 2 + 7*p**2 + p**3 - p - 71. Calculate c(-7).
-8
Let t(c) be the second derivative of -c**6/720 - c**5/24 + c**4/6 + 15*c**2 + 127*c. Let q(g) be the third derivative of t(g). Give q(-2).
-3
Let q(m) = 3*m + 7. Suppose -2675*k = -2638*k + 296. Give q(k).
-17
Suppose 2*h + 2*u = 28, 4*u - 60 = -5*h + u. Let p be -12 + -3 + h/3. Let x be (6/p)/((-2)/28) - 0. Let m(s) = s**2 - 6*s - 4. Determine m(x).
3
Let v = -75 - -79. Let l(b) = -3*b**2 + b + 6*b**2 - 1 + 2*b**2 - v*b**2. Let p be (-1)/((-4)/8*-1). Determine l(p).
1
Let l(z) = -2*z**2 - 9*z - 3. Let d(k) = 2*k**2 - 35*k + 11. Let t = -199 - -216. Let v be d(t). Calculate l(v).
-21
Suppose -4*c - n = -20, 0*n - 16 = -3*c - n. Let x(k) = -2*k**2 - k - 1. Let f(p) = -9*p**2 + 7*p + 8. Let l(o) = c*x(o) - f(o). What is l(12)?
0
Let m(x) be the third derivative of -5/24*x**4 + 11*x**2 + 0*x + 1/360*x**6 - 1/15*x**5 - 8/3*x**3 + 0. Let v(a) be the first derivative of m(a). What is v(6)?
-17
Let f(a) = a**2 + 5*a - 1. Let n(t) = -t**2 - 5*t. Let w be n(-4). Suppose w*q - 20 = 16. Suppose 4 = q*i - 10*i. Give f(i).
-5
Suppose 7*l - 14 - 7 = 0. Suppose 2*t + 5*n = -1, t - 2*n + l*n - 1 = 0. Suppose t*o - 5*k = -17, 0 = o + k - 3*k + 7. Let s(c) = -c + 1. Calculate s(o).
2
Let a(t) = -t**2 + 39*t + 83. Let h be a(41). Let o(f) be the second derivative of 5*f - 1/2*f**2 + 6/5*f**5 - 1/12*f**4 + 0 + 1/3*f**3. What is o(h)?
24
Let k(t) = -7*t**2 + 7*t - 2 + t**3 - 1 - 5*t. Let w = -20 + 27. What is k(w)?
11
Let k(z) = -2. Let p be 2 + ((-2)/(-3))/((-18)/27). Let n(t) = t**3 + 3*t**2 + 3*t + 1. Let u(j) = p*k(j) + n(j). Give u(-3).
-10
Suppose -7*p = -4*p, 0 = -5*n + 4*p - 10. Let w(d) = 3*d + 1. Let m(u) = -u. Let f(r) = -7*m(r) - 3*w(r). What is f(n)?
1
Suppose -96 + 159 = 21*v. Let o(m) = v + 1 + 284*m - 283*m. What is o(3)?
7
Let o be -2 - (10 - (-272)/(-16)). Let t(q) be the second derivative of 3/2*q**2 + 0 - 1/6*q**3 + o*q. Determine t(-3).
6
Let s(r) be the second derivative of 0*r**3 + 1/20*r**5 + 34 + 5/12*r**4 - 2*r - r**2. Let j be 1*(3 - 2)*-5. What is s(j)?
-2
Let k(y) = y**3 + 8*y**2 - 21*y - 15. Suppose 0 = -4*x - 5*a - 55, -2*x + 2*a = -121 + 135. What is k(x)?
-5
Let b(m) be the second derivative of -51 + 3/2*m**3 + 2*m + 1/12*m**4 + 5/2*m**2. Let i = 7 + -15. Calculate b(i).
-3
Suppose 9 = -20*q + 17*q, -2*p = -4*q - 172. Suppose -4*t - 84 - 220 = 0. Let v = t + p. Let w(d) = -d**2 + 7*d - 2. Determine w(v).
10
Let i(k) be the second derivative of k**4/24 - k**3 + 38*k**2 - 32*k + 1. Let o(r) be the first derivative of i(r). Give o(0).
-6
Let w(n) = 2*n**2 + 4*n - 5. Let f be w(-4). Let b(q) = -30*q + 45. Let m(t) = -46*t + 68. Let h(v) = 20*b(v) - 13*m(v). What is h(f)?
-6
Let k(v) = -411*v**2 - 14*v + 15 + 206*v**2 + 206*v**2. Calculate k(13).
2
Let j(r) = -7*r**2 + r - 1. Suppose -5*l = -5*b, -b = -2*l + 9 - 5. Suppose -2 = 2*n + 4*t - 2*t, -2*n + l*t + 10 = 0. Give j(n).
-7
Let a(x) be the third derivative of -x**5/20 + x**4/6 - 2*x**3/3 - 1235*x**2. What is a(2)?
-8
Let v be (-1875)/(-315) + 3/63. Let r(o) = -o + 1. Let q(a) = a**2 - 12*a - 2. Let x(t) = -q(t) + 5*r(t). What is x(v)?
13
Let u(c) = -7*c + 2. Let z(n) = n**3 + 41*n**2 + 39*n - 38. Let y be z(-40). Calculate u(y).
-12
Let r(d) = d - 12. Let n(m) = -154*m + 765. Let i be n(5). Determine r(i).
-17
Let s(h) = 2*h**3 - 2*h**2 + 2. Let c(d) = d**3 - 64*d**2 - 67*d + 129. Let k be c(65). Calculate s(k).
-2
Let y(a) be the first derivative of -4 + 8/3*a**3 + a - 2*a**2 - 1/4*a**4. Let l = 816 - 809. Give y(l).
22
Let q(o) be the third derivative of o**5/30 + 7*o**4/3 + 10*o**3 + 3047*o**2. Give q(-27).
6
Suppose -3*a + 8*a + 1 = -2*c, 3*a - 15 = 4*c. Let r be 2/4*(-1 - a). Let j(v) = -5*v**3 - 6455*v + 1 - 6456*v + 12913*v. Give j(r).
4
Suppose 0 = 5*j - 2*v - 53, -2*j + 4*v = -168 + 118. Let a(i) = 2*i**3 - 14*i**2 + 10*i - 66. What is a(j)?
4
Let q(g) = -134*g**2 + 272*g**2 + 1 - 133*g**2 - 5 - 7*g. Let r(f) = 6*f**2 - 7*f - 5. Let t(c) = -5*q(c) + 4*r(c). Calculate t(5).
10
Let i(q) be the second derivative of 0 + 1/12*q**4 + 62*q + 3/2*q**3 + 3*q**2. Calculate i(-8).
-2
Let h(y) = -25*y**2 + 6*y - 10. Suppose -f = -2*u + f, 3*u = 2*f + 5. Let k(w) = -21*w**2 + 5*w - 9. Let r(i) = u*h(i) - 6*k(i). Give r(0).
4
Let p be 120/16*8/12. Let s be (2/p)/(-1*7/105). Let x(g) = -4*g + 0 - 2 - 3 + 3. Give x(s).
22
Let j(s) = -2*s**3 + 8*s**2 + 2*s - 3. Suppose 15*z - 14 = 9*z + 2*m, 12 = -2*z + 4*m. Give j(z).
5
Let a(u) = 7*u**3 - 21*u**2 - 13*u + 52. Let j(z) = -11*z**3 + 32*z**2 + 20*z - 82. Let q(m) = 8*a(m) + 5*j(m). Give q(8).
-26
Let d(f) be the second derivative of f**4/4 + 131*f**3/6 - 49*f**2/2 - 12*f - 60. What is d(-44)?
-5
Let q be (-27)/(-5) + (-6)/15. Suppose -268 = -5*j + 2*b, -3*j = -b - 103 - 57. Let f(p) = -p**2 + 7 + 52*p - 3 - j*p. Calculate f(q).
-21
Let p(z) = -4*z**3 - 2*z**2 - 1. Let d(n) = n**3 - n - 1. Let y(s) = -3*d(s) - p(s). Let x(h) = -h**3 + 4*h**2 - 9*h + 15. Let q be x(3). Give y(q).
-14
Let m(u) = -10 + 14*u + 86 + 44. Let k be m(-9). Let g(w) = w**2 + 2*w - 19. What is g(k)?
5
Let u(k) = 12*k**3 + 45*k**2 - 9*k - 1. Let x be u(-4). Let z(d) = d**2 + 11*d - 18. Determine z(x).
8
Suppose -2 - 13 = 2*g + 5*z, 5*g = 3*z + 40. Suppose -g*i + 672 = m, -i = i - 5*m - 258. Let o(n) = 15*n + 134 - i. What is o(-1)?
-15
Let w = -5432 - -5440. Let d(k) = -2*k**2 + 8*k + 58. Determine d(w).
-6
Let y(g) = 3*g**2 + 34*g - 23. Let i be y(-12). Let m(h) = -2*h**3 - h**2 + h. Let f(k) = k**3 - 15*k**2 - k + 6. Let j(q) = i*m(q) + f(q). Determine j(-16).
6
Let f be ((-3)/(-18))/(2/4)*3060/510. Let c(i) = -8*i + 8. Let d(n) = 7*n - 8. Let k(g) = 5*c(g) + 6*d(g). Determine k(f).
-4
Let o(n) = -6*n + n**3 + 13*n**3 + 7*n + 2*n**2. Suppose 5*g + 7*v + 9 = 8*v, -g + 5*v - 21 = 0. What is o(g)?
-13
Let a(o) be the second derivative of o**5/20 - 7*o**4/12 - 5*o**3/3 + 7*o**2/2 + 27*o + 6. Determine a(8).
-9
Let x be ((-630)/84)/(6/(-4)). Let l(b) = 4*b - 16. Give l(x).
4
Let z(s) = -5*s + 48. Let o(f) = 8*f - 80. Let v(l) = 3*o(l) + 5*z(l). Determine v(-16).
16
Let s be ((98/(-6))/(28/(-84)))/1. Suppose -315 = -s*z + 14*z. Let f(o) = 2*o**2 - 20*o + 1. Determine f(z).
-17
Let r be -30*2/3 - -21. Let s(u) = -10*u + 5. Give s(r).
-5
Let o(m) = -3*m**3 + 34*m**2 + 19*m + 62. Let n be o(12). Let j(a) = -a - 2. Let t be j(-5). Let w(b) = 12*b**n + 2 + b - t - 17*b**2. Give w(1).
-5
Let r be (16/24 - -1)/((-2)/(-6)). Suppose -r = i - 16. Let n(t) = -t**3 + 10*t**2 + 10*t + 16. What is n(i)?
5
Suppose 14 = 6*y + y. Let o be (-2 - 2) + (-2 - -2 - y). Let z(w) = 0*w + 2 - 1 + w. Give z(o).
-5
Let c(h) = -1246*h + 631*h + 4*h**2 - 5*h**2 + 623*h - 15. What is c(6)?
-3
Let w(v) be the third derivative of 0 + 0*v + 1/3*v**3 - 1/8*v**4 + 1/20*v**5 + 105*v**2. Give w(2).
8
Let u(o) = 1. Let f(b) = -2*b - 5. Let j(a) = f(a) + 2*u(a). Suppose -2*n + 5*g = -38, -8*n - 2*g = -3*n - 66. Suppose 5*p = -11 - n. Calculate j(p).
7
Let r(p) = -2*p**2 + 5*p + 1. Suppose -5*u - 4*f - 44 = 0, u + 128 - 154 = 5*f. Give r(u).
-51
Let p be 6/27 - (-645)/135. Let l(u) = 11*u**3 + 2*u**2 + 11*u - 14. Let g(o) = -13*o**3 - o**2 - 13*o + 15. Let r(b) = p*g(b) + 6*l(b). Calculate r(-7).
-16
Let h(g) be the first derivative of 2*g**2 + g - 2. Let x = 60 - 19. Let f = 42 - x. Give h(f).
5
Let k(i) = 33*i - 5. Let z(y) = 19*y - 3. Let s(m) = 4*k(m) - 7*z(m). Let d(c) = 22 - 24 + 0*c - c. Let w be d(0). Give s(w).
3
Let u(q) = -4*q + 3. Let s(o) = -o**2 + 6. Let f(z) = -1. Let d(y) = -6*f(y) - s(y). Let w(i) = -2*d(i) - u(i). Determine w(2).
-3
Let d(y) be the third derivative of -5*y**4/8 + 3*y**2 - 39*y. Sup